{"id":161,"date":"2019-06-15T14:23:23","date_gmt":"2019-06-15T12:23:23","guid":{"rendered":"http:\/\/wp13352054.server-he.de\/interx-therapie\/?page_id=161"},"modified":"2019-06-15T14:23:44","modified_gmt":"2019-06-15T12:23:44","slug":"das-therapiekonzept","status":"publish","type":"page","link":"https:\/\/interx-therapie.de\/interx-therapie\/bereiche\/das-therapiekonzept\/","title":{"rendered":"Das Therapiekonzept"},"content":{"rendered":"\n<div class=\"wp-block-image\"><figure class=\"alignright\"><img decoding=\"async\" loading=\"lazy\" width=\"113\" height=\"170\" src=\"http:\/\/interx-therapie.de\/interx-therapie\/wp-content\/uploads\/sites\/2\/2019\/06\/4003_on_female_shoulder_klein_02.jpg\" alt=\"\" class=\"wp-image-162\"\/><\/figure><\/div>\n\n\n\n<p>Bei akuten und chronischen Beschwerden sollte die <strong>InterX<\/strong>-Anwendung\n mehrfach w\u00f6chentlich erfolgen. Die Behandlungsdauer liegt \u00fcblicherweise\n zwischen 10 und 20 min. In akuten Notf\u00e4llen kann auch mehrfach t\u00e4glich \nund l\u00e4nger behandelt werden. F\u00fcr akute Zust\u00e4nde werden h\u00f6here Frequenzen\n mit st\u00e4rkeren Intensit\u00e4ten verwendet, f\u00fcr chronische Schmerzen eher \nniedrigere Frequenzen und geringere Intensit\u00e4ten. Neben der Behandlung \nder Schmerzregion kann die Anwendung auf weiteren Stellen wie \nAkupunktur- und Triggerpunkten das Therapieergebnis verbessern. <\/p>\n\n\n\n<p>Zur Lokalisierug der optimalen Behandlungspunkte und Anwendungsdauer bieten die <strong>InterX <\/strong>Professional-Ger\u00e4te\n mehrere Diagnosefunktionen an. Gemessen werden dabei Parameter der \nHautimpedanz und deren Ver\u00e4nderung w\u00e4hrend der Anwendung. Die Anzeige \nder Messwerte erfolgt \u00fcber ein gro\u00dfes Farbdisplay. Hohe Messwerte \nsignalisieren dabei St\u00f6rungen, die einer Behandlung bed\u00fcrfen. \nNachlassende Absorptionsraten werden vom Ger\u00e4t registriert und zeigen \ndas Behandlungsende an. <\/p>\n\n\n\n<p><strong>Kontraindikationen<\/strong>\n<\/p>\n\n\n\n<p>Die <strong>InterX<\/strong>-Behandlung wird laut der amerikanischen FDA-Zulassung nicht empfohlen<br> bei Patienten mit elektrischen Implantaten, bei Epileptikern, Schwangeren sowie \u00fcber<br> Tumoren und Thrombosen.\n<\/p>\n","protected":false},"excerpt":{"rendered":"<p>Bei akuten und chronischen Beschwerden sollte die InterX-Anwendung mehrfach w\u00f6chentlich erfolgen. Die Behandlungsdauer liegt \u00fcblicherweise zwischen 10 und 20 min. In akuten Notf\u00e4llen kann auch mehrfach t\u00e4glich und l\u00e4nger behandelt werden. F\u00fcr akute Zust\u00e4nde werden h\u00f6here Frequenzen mit st\u00e4rkeren Intensit\u00e4ten verwendet, f\u00fcr chronische Schmerzen eher niedrigere Frequenzen und geringere Intensit\u00e4ten. Neben der Behandlung der Schmerzregion [&hellip;]<\/p>\n","protected":false},"author":1,"featured_media":0,"parent":152,"menu_order":0,"comment_status":"closed","ping_status":"closed","template":"","meta":{"_uag_custom_page_level_css":"","_links_to":"","_links_to_target":""},"yoast_head":"<!-- This site is optimized with the Yoast SEO plugin v20.9 - https:\/\/yoast.com\/wordpress\/plugins\/seo\/ -->\n<title>Das Therapiekonzept - InterX Therapie<\/title>\n<meta name=\"robots\" content=\"index, follow, max-snippet:-1, max-image-preview:large, max-video-preview:-1\" \/>\n<link rel=\"canonical\" href=\"https:\/\/interx-therapie.de\/interx-therapie\/bereiche\/das-therapiekonzept\/\" \/>\n<meta property=\"og:locale\" content=\"de_DE\" \/>\n<meta property=\"og:type\" content=\"article\" \/>\n<meta property=\"og:title\" content=\"Das Therapiekonzept - InterX Therapie\" \/>\n<meta property=\"og:description\" content=\"Bei akuten und chronischen Beschwerden sollte die InterX-Anwendung mehrfach w\u00f6chentlich erfolgen. Die Behandlungsdauer liegt \u00fcblicherweise zwischen 10 und 20 min. In akuten Notf\u00e4llen kann auch mehrfach t\u00e4glich und l\u00e4nger behandelt werden. F\u00fcr akute Zust\u00e4nde werden h\u00f6here Frequenzen mit st\u00e4rkeren Intensit\u00e4ten verwendet, f\u00fcr chronische Schmerzen eher niedrigere Frequenzen und geringere Intensit\u00e4ten. Neben der Behandlung der Schmerzregion [&hellip;]\" \/>\n<meta property=\"og:url\" content=\"https:\/\/interx-therapie.de\/interx-therapie\/bereiche\/das-therapiekonzept\/\" \/>\n<meta property=\"og:site_name\" content=\"InterX Therapie\" \/>\n<meta property=\"article:modified_time\" content=\"2019-06-15T12:23:44+00:00\" \/>\n<meta property=\"og:image\" content=\"http:\/\/interx-therapie.de\/interx-therapie\/wp-content\/uploads\/sites\/2\/2019\/06\/4003_on_female_shoulder_klein_02.jpg\" \/>\n<meta name=\"twitter:card\" content=\"summary_large_image\" \/>\n<meta name=\"twitter:label1\" content=\"Gesch\u00e4tzte Lesezeit\" \/>\n\t<meta name=\"twitter:data1\" content=\"1 Minute\" \/>\n<script type=\"application\/ld+json\" class=\"yoast-schema-graph\">{\"@context\":\"https:\/\/schema.org\",\"@graph\":[{\"@type\":\"WebPage\",\"@id\":\"https:\/\/interx-therapie.de\/interx-therapie\/bereiche\/das-therapiekonzept\/\",\"url\":\"https:\/\/interx-therapie.de\/interx-therapie\/bereiche\/das-therapiekonzept\/\",\"name\":\"Das Therapiekonzept - InterX Therapie\",\"isPartOf\":{\"@id\":\"https:\/\/interx-therapie.de\/interx-therapie\/#website\"},\"datePublished\":\"2019-06-15T12:23:23+00:00\",\"dateModified\":\"2019-06-15T12:23:44+00:00\",\"breadcrumb\":{\"@id\":\"https:\/\/interx-therapie.de\/interx-therapie\/bereiche\/das-therapiekonzept\/#breadcrumb\"},\"inLanguage\":\"de-DE\",\"potentialAction\":[{\"@type\":\"ReadAction\",\"target\":[\"https:\/\/interx-therapie.de\/interx-therapie\/bereiche\/das-therapiekonzept\/\"]}]},{\"@type\":\"BreadcrumbList\",\"@id\":\"https:\/\/interx-therapie.de\/interx-therapie\/bereiche\/das-therapiekonzept\/#breadcrumb\",\"itemListElement\":[{\"@type\":\"ListItem\",\"position\":1,\"name\":\"Startseite\",\"item\":\"https:\/\/interx-therapie.de\/interx-therapie\/\"},{\"@type\":\"ListItem\",\"position\":2,\"name\":\"Bereiche\",\"item\":\"https:\/\/interx-therapie.de\/interx-therapie\/bereiche\/\"},{\"@type\":\"ListItem\",\"position\":3,\"name\":\"Das Therapiekonzept\"}]},{\"@type\":\"WebSite\",\"@id\":\"https:\/\/interx-therapie.de\/interx-therapie\/#website\",\"url\":\"https:\/\/interx-therapie.de\/interx-therapie\/\",\"name\":\"InterX Therapie\",\"description\":\"Eine weitere InterX Portal Websites Website\",\"potentialAction\":[{\"@type\":\"SearchAction\",\"target\":{\"@type\":\"EntryPoint\",\"urlTemplate\":\"https:\/\/interx-therapie.de\/interx-therapie\/?s={search_term_string}\"},\"query-input\":\"required name=search_term_string\"}],\"inLanguage\":\"de-DE\"}]}<\/script>\n<!-- \/ Yoast SEO plugin. -->","yoast_head_json":{"title":"Das Therapiekonzept - InterX Therapie","robots":{"index":"index","follow":"follow","max-snippet":"max-snippet:-1","max-image-preview":"max-image-preview:large","max-video-preview":"max-video-preview:-1"},"canonical":"https:\/\/interx-therapie.de\/interx-therapie\/bereiche\/das-therapiekonzept\/","og_locale":"de_DE","og_type":"article","og_title":"Das Therapiekonzept - InterX Therapie","og_description":"Bei akuten und chronischen Beschwerden sollte die InterX-Anwendung mehrfach w\u00f6chentlich erfolgen. Die Behandlungsdauer liegt \u00fcblicherweise zwischen 10 und 20 min. In akuten Notf\u00e4llen kann auch mehrfach t\u00e4glich und l\u00e4nger behandelt werden. F\u00fcr akute Zust\u00e4nde werden h\u00f6here Frequenzen mit st\u00e4rkeren Intensit\u00e4ten verwendet, f\u00fcr chronische Schmerzen eher niedrigere Frequenzen und geringere Intensit\u00e4ten. Neben der Behandlung der Schmerzregion [&hellip;]","og_url":"https:\/\/interx-therapie.de\/interx-therapie\/bereiche\/das-therapiekonzept\/","og_site_name":"InterX Therapie","article_modified_time":"2019-06-15T12:23:44+00:00","og_image":[{"url":"http:\/\/interx-therapie.de\/interx-therapie\/wp-content\/uploads\/sites\/2\/2019\/06\/4003_on_female_shoulder_klein_02.jpg"}],"twitter_card":"summary_large_image","twitter_misc":{"Gesch\u00e4tzte Lesezeit":"1 Minute"},"schema":{"@context":"https:\/\/schema.org","@graph":[{"@type":"WebPage","@id":"https:\/\/interx-therapie.de\/interx-therapie\/bereiche\/das-therapiekonzept\/","url":"https:\/\/interx-therapie.de\/interx-therapie\/bereiche\/das-therapiekonzept\/","name":"Das Therapiekonzept - InterX Therapie","isPartOf":{"@id":"https:\/\/interx-therapie.de\/interx-therapie\/#website"},"datePublished":"2019-06-15T12:23:23+00:00","dateModified":"2019-06-15T12:23:44+00:00","breadcrumb":{"@id":"https:\/\/interx-therapie.de\/interx-therapie\/bereiche\/das-therapiekonzept\/#breadcrumb"},"inLanguage":"de-DE","potentialAction":[{"@type":"ReadAction","target":["https:\/\/interx-therapie.de\/interx-therapie\/bereiche\/das-therapiekonzept\/"]}]},{"@type":"BreadcrumbList","@id":"https:\/\/interx-therapie.de\/interx-therapie\/bereiche\/das-therapiekonzept\/#breadcrumb","itemListElement":[{"@type":"ListItem","position":1,"name":"Startseite","item":"https:\/\/interx-therapie.de\/interx-therapie\/"},{"@type":"ListItem","position":2,"name":"Bereiche","item":"https:\/\/interx-therapie.de\/interx-therapie\/bereiche\/"},{"@type":"ListItem","position":3,"name":"Das Therapiekonzept"}]},{"@type":"WebSite","@id":"https:\/\/interx-therapie.de\/interx-therapie\/#website","url":"https:\/\/interx-therapie.de\/interx-therapie\/","name":"InterX Therapie","description":"Eine weitere InterX Portal Websites Website","potentialAction":[{"@type":"SearchAction","target":{"@type":"EntryPoint","urlTemplate":"https:\/\/interx-therapie.de\/interx-therapie\/?s={search_term_string}"},"query-input":"required name=search_term_string"}],"inLanguage":"de-DE"}]}},"uagb_featured_image_src":{"full":false,"thumbnail":false,"medium":false,"medium_large":false,"large":false,"1536x1536":false,"2048x2048":false},"uagb_author_info":{"display_name":"Markeloop-IX","author_link":"https:\/\/interx-therapie.de\/interx-therapie\/author\/markeloop-ix\/"},"uagb_comment_info":0,"uagb_excerpt":"Bei akuten und chronischen Beschwerden sollte die InterX-Anwendung mehrfach w\u00f6chentlich erfolgen. Die Behandlungsdauer liegt \u00fcblicherweise zwischen 10 und 20 min. In akuten Notf\u00e4llen kann auch mehrfach t\u00e4glich und l\u00e4nger behandelt werden. F\u00fcr akute Zust\u00e4nde werden h\u00f6here Frequenzen mit st\u00e4rkeren Intensit\u00e4ten verwendet, f\u00fcr chronische Schmerzen eher niedrigere Frequenzen und geringere Intensit\u00e4ten. Neben der Behandlung der Schmerzregion&hellip;","_links":{"self":[{"href":"https:\/\/interx-therapie.de\/interx-therapie\/wp-json\/wp\/v2\/pages\/161"}],"collection":[{"href":"https:\/\/interx-therapie.de\/interx-therapie\/wp-json\/wp\/v2\/pages"}],"about":[{"href":"https:\/\/interx-therapie.de\/interx-therapie\/wp-json\/wp\/v2\/types\/page"}],"author":[{"embeddable":true,"href":"https:\/\/interx-therapie.de\/interx-therapie\/wp-json\/wp\/v2\/users\/1"}],"replies":[{"embeddable":true,"href":"https:\/\/interx-therapie.de\/interx-therapie\/wp-json\/wp\/v2\/comments?post=161"}],"version-history":[{"count":1,"href":"https:\/\/interx-therapie.de\/interx-therapie\/wp-json\/wp\/v2\/pages\/161\/revisions"}],"predecessor-version":[{"id":163,"href":"https:\/\/interx-therapie.de\/interx-therapie\/wp-json\/wp\/v2\/pages\/161\/revisions\/163"}],"up":[{"embeddable":true,"href":"https:\/\/interx-therapie.de\/interx-therapie\/wp-json\/wp\/v2\/pages\/152"}],"wp:attachment":[{"href":"https:\/\/interx-therapie.de\/interx-therapie\/wp-json\/wp\/v2\/media?parent=161"}],"curies":[{"name":"wp","href":"https:\/\/api.w.org\/{rel}","templated":true}]}}