{"id":138,"date":"2019-06-13T23:16:43","date_gmt":"2019-06-13T21:16:43","guid":{"rendered":"http:\/\/wp13352054.server-he.de\/interx-therapie\/?page_id=138"},"modified":"2019-06-15T14:10:39","modified_gmt":"2019-06-15T12:10:39","slug":"privat","status":"publish","type":"page","link":"https:\/\/interx-therapie.de\/interx-therapie\/privat\/","title":{"rendered":"Privat"},"content":{"rendered":"\t\t\t\t<div class=\"wp-block-uagb-table-of-contents uagb-toc__align-left uagb-toc__columns-1  uagb-block-8577bb97-f7f9-453d-ba99-5f03cc9d0c2b     \"\n\t\t\t\t\tdata-scroll= \"1\"\n\t\t\t\t\tdata-offset= \"30\"\n\t\t\t\t\tstyle=\"\"\n\t\t\t\t>\n\t\t\t\t<div class=\"uagb-toc__wrap\">\n\t\t\t\t\t\t<div class=\"uagb-toc__title\">\n\t\t\t\t\t\t\tLaut\u00a0der Deutschen Gesellschaft f\u00fcr Schmerztherapie leiden\u00a0\u00fcber 15  Millionen Menschen in unserem Land unter chronischen Schmerzen. Dies  entspricht einer Quote von ann\u00e4hernd 20%. Laut einer Umfrage unter 1.500  Personen wurden R\u00fccken-, Nacken-, Schulter-, Muskel-, Gelenk- und  Kopfschmerzen als h\u00e4ufigste Leiden gennannt. Knapp die H\u00e4lfte der  Befragten gab an, dass sie in den letzten vier Wochen mindestens einmal  starke k\u00f6rperliche Schmerzen hatte.<br> 32 Millionen Menschen pro  Quartal suchen eine Arztpraxis auf, ca. 600.000 davon leiden an  problematischen Schmerzzust\u00e4nden und ben\u00f6tigen eine spezielle  Behandlung. Hierf\u00fcr gibt es in Deutschland allerdings keine ausreichende  Zahl qualifizierter Spezialisten. Damit alle Schmerzpatienten  hinreichend versorgt werden k\u00f6nnen, m\u00fcssten zus\u00e4tzliche 500 bis 600  Praxen entstehen. Of Contents\t\t\t\t\t\t<\/div>\n\t\t\t\t\t\t\t\t\t\t\t\t\t\t\t\t\t<p class='uagb_table-of-contents-placeholder'>\n\t\t\t\t\t\tAdd a header to begin generating the table of contents\t\t\t\t\t\t<\/p>\n\t\t\t\t\t\t\t\t\t<\/div>\n\t\t\t\t<\/div>\n\t\t\t","protected":false},"excerpt":{"rendered":"","protected":false},"author":1,"featured_media":0,"parent":0,"menu_order":0,"comment_status":"closed","ping_status":"closed","template":"","meta":{"_uag_custom_page_level_css":"","_links_to":"","_links_to_target":""},"yoast_head":"<!-- This site is optimized with the Yoast SEO plugin v20.9 - https:\/\/yoast.com\/wordpress\/plugins\/seo\/ -->\n<title>Privat - InterX Therapie<\/title>\n<meta name=\"robots\" content=\"index, follow, max-snippet:-1, max-image-preview:large, max-video-preview:-1\" \/>\n<link rel=\"canonical\" href=\"https:\/\/interx-therapie.de\/interx-therapie\/privat\/\" \/>\n<meta property=\"og:locale\" content=\"de_DE\" \/>\n<meta property=\"og:type\" content=\"article\" \/>\n<meta property=\"og:title\" content=\"Privat - InterX Therapie\" \/>\n<meta property=\"og:url\" content=\"https:\/\/interx-therapie.de\/interx-therapie\/privat\/\" \/>\n<meta property=\"og:site_name\" content=\"InterX Therapie\" \/>\n<meta property=\"article:modified_time\" content=\"2019-06-15T12:10:39+00:00\" \/>\n<meta name=\"twitter:card\" content=\"summary_large_image\" \/>\n<meta name=\"twitter:label1\" content=\"Gesch\u00e4tzte Lesezeit\" \/>\n\t<meta name=\"twitter:data1\" content=\"1 Minute\" \/>\n<script type=\"application\/ld+json\" class=\"yoast-schema-graph\">{\"@context\":\"https:\/\/schema.org\",\"@graph\":[{\"@type\":\"WebPage\",\"@id\":\"https:\/\/interx-therapie.de\/interx-therapie\/privat\/\",\"url\":\"https:\/\/interx-therapie.de\/interx-therapie\/privat\/\",\"name\":\"Privat - InterX Therapie\",\"isPartOf\":{\"@id\":\"https:\/\/interx-therapie.de\/interx-therapie\/#website\"},\"datePublished\":\"2019-06-13T21:16:43+00:00\",\"dateModified\":\"2019-06-15T12:10:39+00:00\",\"breadcrumb\":{\"@id\":\"https:\/\/interx-therapie.de\/interx-therapie\/privat\/#breadcrumb\"},\"inLanguage\":\"de-DE\",\"potentialAction\":[{\"@type\":\"ReadAction\",\"target\":[\"https:\/\/interx-therapie.de\/interx-therapie\/privat\/\"]}]},{\"@type\":\"BreadcrumbList\",\"@id\":\"https:\/\/interx-therapie.de\/interx-therapie\/privat\/#breadcrumb\",\"itemListElement\":[{\"@type\":\"ListItem\",\"position\":1,\"name\":\"Startseite\",\"item\":\"https:\/\/interx-therapie.de\/interx-therapie\/\"},{\"@type\":\"ListItem\",\"position\":2,\"name\":\"Privat\"}]},{\"@type\":\"WebSite\",\"@id\":\"https:\/\/interx-therapie.de\/interx-therapie\/#website\",\"url\":\"https:\/\/interx-therapie.de\/interx-therapie\/\",\"name\":\"InterX Therapie\",\"description\":\"Eine weitere InterX Portal Websites Website\",\"potentialAction\":[{\"@type\":\"SearchAction\",\"target\":{\"@type\":\"EntryPoint\",\"urlTemplate\":\"https:\/\/interx-therapie.de\/interx-therapie\/?s={search_term_string}\"},\"query-input\":\"required name=search_term_string\"}],\"inLanguage\":\"de-DE\"}]}<\/script>\n<!-- \/ Yoast SEO plugin. -->","yoast_head_json":{"title":"Privat - InterX Therapie","robots":{"index":"index","follow":"follow","max-snippet":"max-snippet:-1","max-image-preview":"max-image-preview:large","max-video-preview":"max-video-preview:-1"},"canonical":"https:\/\/interx-therapie.de\/interx-therapie\/privat\/","og_locale":"de_DE","og_type":"article","og_title":"Privat - InterX Therapie","og_url":"https:\/\/interx-therapie.de\/interx-therapie\/privat\/","og_site_name":"InterX Therapie","article_modified_time":"2019-06-15T12:10:39+00:00","twitter_card":"summary_large_image","twitter_misc":{"Gesch\u00e4tzte Lesezeit":"1 Minute"},"schema":{"@context":"https:\/\/schema.org","@graph":[{"@type":"WebPage","@id":"https:\/\/interx-therapie.de\/interx-therapie\/privat\/","url":"https:\/\/interx-therapie.de\/interx-therapie\/privat\/","name":"Privat - InterX Therapie","isPartOf":{"@id":"https:\/\/interx-therapie.de\/interx-therapie\/#website"},"datePublished":"2019-06-13T21:16:43+00:00","dateModified":"2019-06-15T12:10:39+00:00","breadcrumb":{"@id":"https:\/\/interx-therapie.de\/interx-therapie\/privat\/#breadcrumb"},"inLanguage":"de-DE","potentialAction":[{"@type":"ReadAction","target":["https:\/\/interx-therapie.de\/interx-therapie\/privat\/"]}]},{"@type":"BreadcrumbList","@id":"https:\/\/interx-therapie.de\/interx-therapie\/privat\/#breadcrumb","itemListElement":[{"@type":"ListItem","position":1,"name":"Startseite","item":"https:\/\/interx-therapie.de\/interx-therapie\/"},{"@type":"ListItem","position":2,"name":"Privat"}]},{"@type":"WebSite","@id":"https:\/\/interx-therapie.de\/interx-therapie\/#website","url":"https:\/\/interx-therapie.de\/interx-therapie\/","name":"InterX Therapie","description":"Eine weitere InterX Portal Websites Website","potentialAction":[{"@type":"SearchAction","target":{"@type":"EntryPoint","urlTemplate":"https:\/\/interx-therapie.de\/interx-therapie\/?s={search_term_string}"},"query-input":"required name=search_term_string"}],"inLanguage":"de-DE"}]}},"uagb_featured_image_src":{"full":false,"thumbnail":false,"medium":false,"medium_large":false,"large":false,"1536x1536":false,"2048x2048":false},"uagb_author_info":{"display_name":"Markeloop-IX","author_link":"https:\/\/interx-therapie.de\/interx-therapie\/author\/markeloop-ix\/"},"uagb_comment_info":0,"uagb_excerpt":null,"_links":{"self":[{"href":"https:\/\/interx-therapie.de\/interx-therapie\/wp-json\/wp\/v2\/pages\/138"}],"collection":[{"href":"https:\/\/interx-therapie.de\/interx-therapie\/wp-json\/wp\/v2\/pages"}],"about":[{"href":"https:\/\/interx-therapie.de\/interx-therapie\/wp-json\/wp\/v2\/types\/page"}],"author":[{"embeddable":true,"href":"https:\/\/interx-therapie.de\/interx-therapie\/wp-json\/wp\/v2\/users\/1"}],"replies":[{"embeddable":true,"href":"https:\/\/interx-therapie.de\/interx-therapie\/wp-json\/wp\/v2\/comments?post=138"}],"version-history":[{"count":2,"href":"https:\/\/interx-therapie.de\/interx-therapie\/wp-json\/wp\/v2\/pages\/138\/revisions"}],"predecessor-version":[{"id":149,"href":"https:\/\/interx-therapie.de\/interx-therapie\/wp-json\/wp\/v2\/pages\/138\/revisions\/149"}],"wp:attachment":[{"href":"https:\/\/interx-therapie.de\/interx-therapie\/wp-json\/wp\/v2\/media?parent=138"}],"curies":[{"name":"wp","href":"https:\/\/api.w.org\/{rel}","templated":true}]}}